m) be the second derivative of -m**3/3 + m**2/2 + 2*m. Suppose 2*r + 0*r = 0. Suppose 5*c = -3*y + 19, -3*y + 5*c - 3*c + 5 = r. Give f(y).
-5
Suppose -a + 4 + 5 = -4*q, -5*q = 3*a - 10. Let s(d) = 0*d + 2 - d - a*d + d**2. Let o be 3/(-1*6)*-6. What is s(o)?
-7
Suppose -z + 13 = 2*j, 0*j - 3*z + 3 = -3*j. Let a(m) be the second derivative of -2*m + 0 + 3/20*m**5 - 1/6*m**j + 0*m**3 + 1/2*m**2. Determine a(-1).
-4
Let q be (8/(-10))/(2/10). Let u be (4 - 1) + 4/q. Suppose -u = -5*g + 3. Let p(v) = -2*v + 1. Determine p(g).
-1
Let l be 1 - (-1 - -2*1). Let f(r) = l - 5 - 2 + r. Suppose -6*o = -21 - 3. Determine f(o).
-3
Let l(w) = w**2 - 4*w - 17. Let f be l(7). Let y(p) = -p**2 + f*p**2 + 3*p - 4*p. Determine y(1).
2
Let w(f) be the first derivative of -f**3/3 + 24*f - 1. What is w(0)?
24
Let z(p) = -3*p**3 + p**2 - 1. Let n(u) = 2 + u**3 - u + 10*u**2 - 2 + 10*u - 1. Let o be n(-9). Calculate z(o).
3
Let x(i) = i**2 + 4*i - 5. Let z be x(-4). Let f(t) = -1. Let h(q) = q - 2. Let m(l) = z*f(l) + h(l). Calculate m(5).
8
Let k(g) be the first derivative of -3*g - 1 - 1/2*g**2. Suppose 0 = -2*m + 4 + 4. Calculate k(m).
-7
Let s be (-10)/6 - (-4)/(-12). Let v(q) = -2*q**2 - q. Calculate v(s).
-6
Let b(v) = -8 + 0*v**2 - 7*v + 2*v + v**2. Let n be b(6). Let y(z) = -3 - z**2 + 0*z + 4*z - 8*z + z. Calculate y(n).
-1
Let y(o) = -4*o**3 + 8*o**2 + 5*o - 10. Let c(k) be the first derivative of -11*k - 1 - 5/4*k**4 + 3*k**2 + 3*k**3. Let g(s) = -3*c(s) + 4*y(s). What is g(5)?
3
Let m(n) be the first derivative of n**2/2 + 10*n + 6. Calculate m(-5).
5
Suppose 5*i - 24 = 1. Let b(f) be the first derivative of f**3/3 - 5*f**2/2 + 7*f + 2. What is b(i)?
7
Suppose -2*g - 6 = -0*g. Let i(k) = 5*k**3 - 14*k**2 + 15*k + 6. Let d(l) = -3*l**3 + 9*l**2 - 10*l - 4. Let j(o) = 8*d(o) + 5*i(o). What is j(g)?
4
Suppose -10*d = -12*d + 6. Let x(i) = -4*i - 3. What is x(d)?
-15
Let p(f) = f**2 + 0 - 6*f + 3*f + 9. Let y(k) = k - 1. Let b(z) = p(z) + 5*y(z). Suppose 2*l = -2*i - 14, 13 = i - l - 3*l. Calculate b(i).
7
Let a(y) = -4*y - 15. Let s(r) = 0*r + 4*r + 10 - 2*r - 2. Let d(j) = -3*a(j) - 5*s(j). Give d(4).
13
Suppose y + 2*b - 6 = -y, 4*b = 3*y - 2. Let n(i) = -2 - 3*i + 2*i - y. Let h be -10*1*(-2)/4. Determine n(h).
-9
Let l be (-18)/(-3) - (2 - 0). Let h = l - 2. Suppose -h*i + 20 = 2*i, 0 = -5*b + 3*i + 10. Let w(s) = s**3 - 6*s**2 + 5*s - 2. Calculate w(b).
-2
Let r(m) = m**2 + m - 7. Let i(h) = -2*h**2 - h + 8. Let d(o) = 6*i(o) + 7*r(o). Let a = 11 - 10. Calculate d(a).
-5
Let y(h) = -h**2 + 6*h - 4. Let l be y(5). Let t = 3 - l. Let u(c) = -4*c**2 - t - 4 - 2*c**3 + 3*c**2 + 3*c**3 + c. Determine u(0).
-6
Let n(k) = -k**3 + 5*k**2 - k - 2. Let g = 3 + 0. Let y be 16/g - 5/15. Give n(y).
-7
Suppose 0 = -3*q + 12, 4*q = -8*s + 3*s + 16. Let u(w) = -15*w + s*w**2 + 9*w + w**2. What is u(5)?
-5
Let v = 23 - 19. Let b(m) be the second derivative of m**6/360 - m**5/60 - m**4/12 - m. Let u(i) be the third derivative of b(i). What is u(v)?
6
Let k(b) = -4*b - 7 + 2 + 3 + 3. Calculate k(2).
-7
Let i = -2 - -4. Suppose x = -0*x - i. Let j be 0 + (-2 - x) - -3. Let d(v) = v**2 - 5*v - 4. Calculate d(j).
-10
Let y(q) = 1. Let n(l) = -l - 5. Let m(g) = -n(g) + 4*y(g). Give m(0).
9
Let x be -3*(-3 + -1 + 3). Suppose -x*r = -6 - 6. Let g(b) = -b**2 + 4*b + 3. What is g(r)?
3
Let d(u) = -4*u**3 + 3*u**2 - 4*u - 3. Let n(k) = 5*k**3 - 4*k**2 + 5*k + 2. Let w(z) = -4*d(z) - 3*n(z). Calculate w(0).
6
Let s(f) = -f + 2. Let j(w) = 3*w - 8. Let u(r) = -j(r) - 5*s(r). Let m = 4 + -6. Determine u(m).
-6
Suppose -8*t = -0*t - 8. Let y(v) = -10*v**2 - v. Determine y(t).
-11
Let l(x) be the second derivative of x**3/6 + x**2/2 - 6*x. What is l(5)?
6
Let s = 6 + 2. Suppose -f = 3*f - s. Suppose 3*d + 16 = 5*o, -o + 4 = 3*o + f*d. Let u(h) = h**3 - h**2 - 3*h + 2. What is u(o)?
0
Suppose 0 = -5*x + 10 - 0. Suppose j - u - 5 = 0, 0*j - 5*j = x*u + 3. Let s(i) = 2*i - 7 + j - 6*i**2 - i**3 + 2*i**2. Give s(-5).
9
Let z be 77/28 + 2/8. Suppose 2*j - 44 = -2*j. Suppose 0 = -c - 3*t + j, 6*c - z*t = c - 17. Let f(w) = -7*w. Calculate f(c).
7
Let t be 1 + (-2 - 3) + 2. Let c be 21/3 + t - 3. Let l(v) = c + 2*v - 4*v + 3*v. Calculate l(-3).
-1
Let b(k) be the second derivative of -3*k**5/20 + k**4/12 + k**3/3 + k**2/2 - k. Let n = -6 + 9. Suppose 13 = -4*o + 3*h, -3 = n*h - 12. Calculate b(o).
3
Let h(u) = u**3 - 4*u**2 - 6*u - 2. Suppose s = i + 11, 2*i + 0*i + 49 = 5*s. Let n(w) = w**3 - 5*w**2 - 4*w + 2. Let r be n(6). Let l = r - s. Give h(l).
-7
Let y(t) = t**2 - 3*t + 5*t - 1 - 3*t. Let k(a) = 4*a**2 - 6*a - 2. Let j(h) = -k(h) + 3*y(h). Let c = -12 + 14. Determine j(c).
1
Let m(q) = -q + 6. Let f be m(4). Let j(l) = -f*l - l + l + l. Let i(g) = -14*g + 6. Let t(d) = -i(d) + 12*j(d). Calculate t(4).
2
Let u(f) = -f + 2. Let x(n) = -n**2 + 11*n + 19. Let s be x(13). Give u(s).
9
Let v(o) = -3*o**2 + 11*o + 19. Let x(b) = -b**2 + 1. Let r(k) = v(k) - 4*x(k). Calculate r(-10).
5
Let l = 7 + 1. Let k(n) = -l + 0 + 1 + 3*n**2 + 5*n - 2*n**2. Suppose 20 = -3*i - i. Calculate k(i).
-7
Suppose -4 = -0*d - 2*d. Suppose -w - 7 = -b, -5*b + d*w + 18 = -2. Let k(i) = 2*i + 2. Determine k(b).
6
Suppose -6*p = -5*l - 3*p + 47, 2*p - 13 = -3*l. Suppose l = 5*h + 2. Let d(w) = 6*w**2 - 5*w + 1 + w + 3*w. What is d(h)?
6
Suppose -2*b = -5*b. Suppose b = p - 2*p + 2. Let n(q) = 9 + q + p*q - 2*q. Determine n(-4).
5
Let y(g) = 6*g**3 + 2*g**2 + g. Let c(m) = -2*m**3 - 2*m**2 + 1. Let p be c(1). Let b be 2/((-4 - p)*2). Calculate y(b).
-5
Suppose 4*p - 26*a = -29*a + 16, 0 = 4*p - 3*a + 8. Let c(z) = -19*z + 7. Let w(q) = 1 + 1 - 5 + 9*q. Let b(s) = -2*c(s) - 5*w(s). Give b(p).
-6
Let x(b) be the second derivative of -b**5/20 + 5*b**4/12 - 5*b**3/6 - b. Let t be (-1)/5 - (-102)/10. Let p be (-30)/(-9)*12/t. Calculate x(p).
-4
Let g(k) = -13*k**3 - 10*k**2 - 6*k + 4. Let p(y) = 7*y**3 + 5*y**2 + 3*y - 2. Let m(v) = 6*g(v) + 11*p(v). What is m(-3)?
-7
Let m(w) = w**3 + 6*w**2 + 7*w + 7. Let j = -8 + 6. Let t = -7 - j. Calculate m(t).
-3
Let w(o) = -2*o - 19. Let k be w(-11). Let m(u) = u**3 - 2*u**2 - 3*u + 3. What is m(k)?
3
Let a(f) = 9*f. Let j be (-1)/4 - 10/(-8). Suppose -9*c + 2 = -8*c. Suppose -1 = c*y + j. What is a(y)?
-9
Let y(n) be the first derivative of -3*n**5/20 + n**4/6 - n**2/2 + 2*n + 1. Let r(q) be the first derivative of y(q). What is r(-1)?
4
Let u(v) = -3*v**2 + v**2 + 7 - 7*v + v + 3*v**2. Give u(5).
2
Suppose -2*r = -4*r - 6. Let w(i) = i + 2. What is w(r)?
-1
Suppose -2*b - 4 = 3*p - p, 0 = 3*p - 3*b. Let o(i) = 15*i**2 + 15*i - 9. Let h(c) = 8*c**2 + 8*c - 5. Let w(n) = -11*h(n) + 6*o(n). Calculate w(p).
1
Let z(g) = -g**3 - 13*g**2 + g + 17. Let o be z(-13). Let f(a) = -a**3 - 3*a + 2*a**2 + o + 0 - 1. Calculate f(2).
-3
Let o(i) = i**3 + 4*i**2 - 4*i - 6. Let j be (-6)/4*288/(-54). Suppose 24 = m - 3*m. Let r = j + m. What is o(r)?
10
Let v(b) be the third derivative of -b**6/360 - b**5/40 + b**4/8 + b**3/2 + 4*b**2. Let k(u) be the first derivative of v(u). What is k(-6)?
-15
Let r = 6 + 0. Let z(n) = 3*n. Let p(x) = -x. Let d(q) = r*z(q) + 21*p(q). What is d(1)?
-3
Let w(v) be the first derivative of 14*v**3/3 + v - 38. Give w(1).
15
Let j(q) be the third derivative of -q**6/120 - q**5/12 + q**4/3 - 7*q**2 - 3*q. Give j(-6).
-12
Let t(w) = 7*w**2 + 2. Let n(h) = 3*h**2 + 1. Let f(g) = 9*n(g) - 4*t(g). Determine f(-3).
-8
Suppose -14 + 0 = 2*u + 4*n, 10 = 5*u + n. Let j(y) = u*y - y**3 + 2*y**2 + 0*y**2 - 1 + 2*y**2 + 5. Calculate j(5).
-6
Let d(f) = -f. Suppose -2*n - 2*u - 2 = -0, 6 = 4*n + 2*u. Suppose -4*x + 39 = 3*m, x + 4*x = -n*m + 50. Let b be (-1 - (-9)/x)*0. Give d(b).
0
Let k(o) = 8*o**3 - o**2 - 2*o - 1. Suppose 4*y - 2*d + 30 = 0, 0*d = -5*y - 4*d - 18. Let a be (-27)/(-6) + 1/2. Let r = a + y. Determine k(r).
-8
Let x(z) = 3*z + 3*z**2 - 15*z**2 + 10*z**2. Calculate x(2).
-2
Let g(h) = -h**3 + 2*h**2 - 4*h + 5. Suppose 0 = -d - 4, -q + 37 = -6*q - 3*d. Let x(r) = 3*r**2 - 5*r + 6. Let b(v) = q*g(v) + 4*x(v). What is b(1)?
6
Let i(z) = -4 - 34*z + 16*z + 17*z. Give i(0).
-4
Let o(f) = -f - 4. Suppose 0 = 5*n + 2*u - 1, 0*n + 5 = 4*n + 3*u. Let l(z) = -3*z + 1. Let h be l(n). Let i = h - 6. Determine o(i).
-2
Let x(f) = 6*f**2 - 9*f - 7. Let t(m) = -5*m**2 +